common factor of z and d?
1
Let x(z) = z + 29. Let f be x(-7). Let o = -30 - -74. What is the highest common factor of o and f?
22
Suppose -5*f = 10 + 5. Let i = f + 8. What is the highest common factor of 2 and i?
1
Let c(u) = -u**3 + 44*u**2 + 94*u - 53. Let o be c(46). What is the highest common divisor of 39 and o?
39
Suppose -5*s = -21 + 1. Suppose -21 = -n - 2*a - 2*a, -5*a + 73 = s*n. Calculate the highest common factor of 17 and n.
17
Suppose 2*o = 4*o - 44. Let s = -21 + o. Suppose d + 7 = 2, 0 = 5*g + 2*d - 20. What is the greatest common factor of s and g?
1
Let k = -46 - -52. Suppose -y + 1 = -3. Suppose n - k = -y. Calculate the greatest common factor of n and 22.
2
Let x = 53 + -53. Suppose 0 = -2*l - l + t + 52, 3*t = 6. Suppose x = -c + 6 + l. What is the greatest common factor of c and 6?
6
Let q = -555 + 567. Let p(i) = 8*i - 1. Let b be p(4). Let m = -19 + b. Calculate the highest common divisor of m and q.
12
Suppose -g + 87 = -2*g. Let c = g + 103. Calculate the highest common divisor of 144 and c.
16
Suppose 0*h = -h + 48. Suppose -5*y - 8 = -7*y. Suppose 4*x - 4*l = y, 3*x - 3*l = 2*x - 9. What is the greatest common divisor of x and h?
6
Let l(p) = -p**2 + p + 1265. Let u be l(0). Let s = 1777 - u. Let g be (-2)/9 + s/36. What is the greatest common factor of g and 7?
7
Suppose m + 2*m - 54 = 4*w, 18 = m + w. Suppose -8 = 2*k - m. Suppose 28 = k*v - 12. Calculate the greatest common divisor of v and 12.
4
Let q = -77 - -81. Suppose 2*n + 88 = 2*g - 2*n, q*g + 4*n = 212. What is the highest common factor of g and 20?
10
Let v be 2/((-4)/(-421)) + (-6)/12. Calculate the greatest common divisor of 168 and v.
42
Suppose 5*i = -2*c - 2*c - 648, -i - 126 = 2*c. Let y = i + 484. Suppose y + 298 = 5*w. What is the greatest common divisor of 52 and w?
26
Let l be 20 + (2 - (2 - -2)). Suppose -g + 0*j = j - 4, 2*j - 22 = -4*g. Suppose -3*q + g = 1. What is the greatest common factor of q and l?
2
Let d(o) = 6*o**2 + 2*o + 3. Let s be d(-5). Let x = s - -27. Suppose -130 - 198 = -4*z - 4*y, -2*z + y = -x. Calculate the greatest common factor of z and 12.
12
Let j(w) = -6*w**3 + 43*w**2 + 16*w - 49. Let x be j(7). Let c = 53 + -21. Calculate the greatest common factor of x and c.
16
Let u(y) = -y - 1. Let p be u(-1). Let g = 596 - -92. Suppose p*x + 4*r - 680 = -4*x, -4*x = -4*r - g. Calculate the greatest common factor of x and 19.
19
Let g be (-11 - -1) + 8 - (-76 - -2). Calculate the highest common divisor of g and 36.
36
Suppose 6*n = 9*n - 5*g - 17, 0 = 5*n + 5*g - 15. Suppose -2*d = -5*i + 170, 0*d + 10 = -2*d. Calculate the highest common divisor of i and n.
4
Let i = 7 - -4. Suppose -6*a = -5*a - i. Let l be (1*-1)/(a/(-1881)). Calculate the highest common divisor of l and 19.
19
Let j(i) = 11*i - 108. Let b be j(39). Calculate the greatest common factor of 214 and b.
107
Suppose x - 64 = -5*n + 46, -x + 92 = 2*n. Let t(g) = 4*g**2. Let i be t(2). What is the highest common factor of i and x?
16
Let q be 2*((-2176)/34)/(2/(-1)). Suppose 4*o + b - 33 = 0, -4*b + 5*b - 1 = 0. What is the greatest common divisor of o and q?
8
Suppose 9*f - 10*f = -4. Suppose 0 = 3*a - 0*p - 4*p - 323, f*a = -3*p + 414. Calculate the greatest common divisor of a and 21.
21
Suppose -21*t + 4669 + 1337 = 0. Calculate the highest common divisor of 88 and t.
22
Suppose -3*l = y - 16, -5*y = -4*y - 4*l - 9. What is the greatest common factor of y and 2?
1
Let c(t) = t**3 + 9*t**2 + t - 6. Let n be c(-7). Suppose 2*h + 9 = 1, 4*m + 3*h = 56. What is the highest common divisor of m and n?
17
Suppose -2*k - k + 72 = 0. Let f(y) = 5*y - 4. Let n be f(7). Let t = -19 + n. Calculate the highest common divisor of t and k.
12
Let k(l) = 9*l**2 + 4*l - 2. Let y be k(-4). Let i be 2 - 3 - 3 - -6. Suppose i*o + 4*o = 84. Calculate the greatest common factor of y and o.
14
Let a be 20/(-4) - 5/(-1). Suppose 3*o = 5*m - 114, -4*o + a*o = 4*m - 104. What is the greatest common divisor of m and 108?
12
Suppose 0*y + 4*t + 8 = y, 4*t = -4. Suppose m + 138 = 6*m + y*v, 3*v = -2*m + 51. Calculate the greatest common factor of 30 and m.
30
Let l = -4 + 10. Let x = -30 + 40. Suppose 20 = m - x. What is the highest common divisor of m and l?
6
Let v = -199 + 334. Suppose 8*d - v = 3*d. What is the greatest common factor of d and 18?
9
Suppose 5*d - 161 = -4*r, -6*r - 4*d = -7*r + 35. Calculate the highest common factor of r and 12.
3
Suppose -3*s + w + 188 = 0, s + 18 - 80 = w. Calculate the greatest common divisor of 270 and s.
9
Let u(a) = -9*a + 8. Let i be u(0). Calculate the greatest common divisor of i and 12.
4
Let h = -1045 - -1504. What is the highest common factor of h and 81?
27
Let a(y) = y**3 + 12*y**2 - 6*y - 4. Let k be a(-12). Let s = 76 - 53. Suppose -g + k = -s. What is the highest common divisor of 13 and g?
13
Suppose -89*o + 98*o = 2331. Calculate the highest common divisor of 7 and o.
7
Let b(q) = -q**3 - q + 1. Let a(i) = 6*i**3 + i**2 + 5*i - 6. Let u(o) = -4*a(o) - 28*b(o). Let r be u(2). What is the highest common divisor of 28 and r?
28
Let m(d) = 168*d - 82. Let c be m(-2). Suppose -1184 = 4*i - 2*p, -4*p + 730 = -4*i - 446. Let t = i - c. What is the highest common divisor of 30 and t?
30
Let p = -2702 - -2703. Suppose 4*b = -2*v + 26, 2*v + 0*b - b = 11. Calculate the greatest common divisor of p and v.
1
Let b = -266 + 324. What is the greatest common factor of b and 2?
2
Let v = 21 + -18. Let u = v - -21. What is the highest common factor of 36 and u?
12
Let a be (-119886)/(-742) - (-3)/7. Let y = 35 - 17. Calculate the greatest common divisor of y and a.
18
Let o(h) = 4*h + 15. Let l be o(-9). Let p be ((-40)/(-14))/((-6)/l). What is the highest common factor of 40 and p?
10
Suppose -939 = -19*b + 790. Let q be -10*2*21/(-10). Let d = b - q. What is the greatest common divisor of d and 7?
7
Let w be 4/4*1/2*158. What is the greatest common factor of 553 and w?
79
Suppose 7 = -4*o + 3*r, 0 = -o - r - 2*r - 13. Let n(f) = 3*f**2 + 4*f + 2. Let w be n(o). What is the highest common factor of 102 and w?
34
Suppose 1113*n - 1129*n + 1408 = 0. What is the highest common factor of n and 110?
22
Suppose -y = 3*s - 91, 0*y - 3*y - 47 = -s. Suppose 3*v = 5 - s. Let q = v - -13. What is the highest common divisor of q and 36?
4
Suppose -f - 21 = 2*n, -n + f = 2*n + 44. Let b = 10 + n. Let a be (-1)/(b/21 - 0). Calculate the greatest common divisor of 35 and a.
7
Suppose -4*m = -r - 36, 2*r = r. Let j(u) = -u + 6. Let h be j(m). Let l be (179 - 0/(-2)) + h. What is the greatest common divisor of 16 and l?
16
Let c = -16 + 11. Let a = 10 + c. Suppose 0 = -2*k - h + 6, h + 22 = a*k - 0*k. Calculate the greatest common factor of k and 4.
4
Suppose 0 = -b + 46 + 16. Calculate the highest common factor of b and 155.
31
Let u be (-76)/(-20) - 1*2*(-3)/30. Let l(m) = 3*m - 2. Let i be l(6). Calculate the greatest common divisor of u and i.
4
Suppose 7*z = -2*z + 126. What is the highest common factor of 434 and z?
14
Let u be 4/10 + 3288/30. Calculate the highest common factor of u and 143.
11
Suppose -8 = -3*c + 5*l + 1, 6 = 2*c + 3*l. Let o(y) = 11*y + 3. Let p be o(c). Suppose 116 = 5*f + p. What is the highest common factor of 4 and f?
4
Suppose -2*o = -3*o + 7. Let d = -4 + o. Let q = -16 - -49. Calculate the greatest common divisor of d and q.
3
Let v(p) = 2*p**2 - 11*p - 15. Let x(f) = f**2 - 5*f - 8. Let t(q) = 3*v(q) - 5*x(q). Let c be t(10). Calculate the greatest common divisor of c and 30.
15
Suppose -71*d + 81*d = 330. Calculate the highest common factor of d and 1353.
33
Let i(q) = 11*q - 132. Let x be i(14). What is the highest common divisor of x and 77?
11
Let w = 317 + -291. What is the highest common divisor of 104 and w?
26
Let y be 411 - 0 - 32/8. What is the greatest common factor of 11 and y?
11
Suppose -3*c + 194 = 4*y - 104, -4*y + 400 = 4*c. Calculate the greatest common divisor of c and 9.
3
Let w(i) = 4*i**2 + 2*i + 1. Let p be w(-1). Let k be (21132/33)/2 + 4/(-22). Suppose -k = p*n - 5*n. What is the highest common divisor of n and 16?
16
Let d(p) = -4*p - 3. Let h be d(-2). Suppose -h*f + a + 211 = -152, -5*f + 345 = 5*a. Suppose z + z - f = 0. What is the highest common divisor of z and 54?
18
Let a be ((-11)/4)/((-1)/3